{"id":3458,"date":"2017-08-17T23:29:37","date_gmt":"2017-08-17T21:29:37","guid":{"rendered":"http:\/\/serwer1357583.home.pl\/home\/platne\/serwer21708\/public_html\/lososiowa\/?page_id=3458"},"modified":"2018-03-05T23:05:03","modified_gmt":"2018-03-05T22:05:03","slug":"galeria","status":"publish","type":"page","link":"https:\/\/lososiowa3.pl\/index.php\/galeria\/","title":{"rendered":"Galeria"},"content":{"rendered":"<p>[et_pb_section fb_built=&#8221;1&#8243; fullwidth=&#8221;on&#8221; _builder_version=&#8221;3.0.105&#8243; custom_margin=&#8221;|||&#8221; custom_padding=&#8221;|||&#8221; global_module=&#8221;3625&#8243; saved_tabs=&#8221;all&#8221;][et_pb_fullwidth_slider _builder_version=&#8221;3.0.105&#8243; header_font_size=&#8221;60px&#8221; animation_style=&#8221;fade&#8221; auto=&#8221;on&#8221; auto_ignore_hover=&#8221;on&#8221; saved_tabs=&#8221;all&#8221;][et_pb_slide heading=&#8221;Domki w pachn\u0105cym sosnowym lesie&#8221; _builder_version=&#8221;3.0.105&#8243; header_font=&#8221;||||||||&#8221; background_image=&#8221;http:\/\/serwer1357583.home.pl\/home\/platne\/serwer21708\/public_html\/lososiowa\/wp-content\/uploads\/2018\/02\/7.jpg&#8221;][\/et_pb_slide][et_pb_slide heading=&#8221;Przytulne pokoje dla wszystkich&#8221; _builder_version=&#8221;3.0.105&#8243; header_font=&#8221;||||||||&#8221; background_image=&#8221;http:\/\/serwer1357583.home.pl\/home\/platne\/serwer21708\/public_html\/lososiowa\/wp-content\/uploads\/2018\/02\/2.jpg&#8221;][\/et_pb_slide][et_pb_slide heading=&#8221;Wy\u017cywienie we w\u0142asnych sto\u0142\u00f3wkach&#8221; _builder_version=&#8221;3.0.105&#8243; header_font=&#8221;||||||||&#8221; background_image=&#8221;http:\/\/serwer1357583.home.pl\/home\/platne\/serwer21708\/public_html\/lososiowa\/wp-content\/uploads\/2018\/02\/s23.jpg&#8221;][\/et_pb_slide][et_pb_slide heading=&#8221;Wy\u017cywienie we w\u0142asnych sto\u0142\u00f3wkach&#8221; _builder_version=&#8221;3.0.105&#8243; header_font=&#8221;||||||||&#8221; background_image=&#8221;http:\/\/serwer1357583.home.pl\/home\/platne\/serwer21708\/public_html\/lososiowa\/wp-content\/uploads\/2018\/02\/9.jpg&#8221;][\/et_pb_slide][et_pb_slide heading=&#8221;K\u0105piel w basenie&#8221; _builder_version=&#8221;3.0.105&#8243; header_font=&#8221;||||||||&#8221; background_image=&#8221;http:\/\/serwer1357583.home.pl\/home\/platne\/serwer21708\/public_html\/lososiowa\/wp-content\/uploads\/2018\/02\/10.jpg&#8221;][\/et_pb_slide][\/et_pb_fullwidth_slider][\/et_pb_section][et_pb_section fb_built=&#8221;1&#8243; admin_label=&#8221;section&#8221; _builder_version=&#8221;3.0.47&#8243; custom_padding=&#8221;35px|0px|54px|0px&#8221;][et_pb_row custom_padding=&#8221;38px|0px|0px|0px&#8221; _builder_version=&#8221;3.0.90&#8243;][et_pb_column type=&#8221;4_4&#8243; _builder_version=&#8221;3.0.47&#8243; parallax=&#8221;off&#8221; parallax_method=&#8221;on&#8221;][et_pb_text _builder_version=&#8221;3.0.90&#8243;]<\/p>\n<h2 style=\"text-align: center;\">Galeria naszego o\u015brodka<\/h2>\n<p>[\/et_pb_text][et_pb_gallery gallery_ids=&#8221;4049,4037,4038,4063,4068,4046,4042,4048,4047,4039,4040,4043,4044,4045,4041,4066,4051,4057,4058,4059,4062,4065,4070,4071,4069,4055,4056,4061,4052,4067,4064,4050&#8243; gallery_captions=&#8221;,,,,,,,,,,,,,,,,,,,,,,,,,,,,,,,&#8221; posts_number=&#8221;40&#8243; show_title_and_caption=&#8221;off&#8221; show_pagination=&#8221;off&#8221; _builder_version=&#8221;3.0.105&#8243;]\u00a0<br \/>\n[\/et_pb_gallery][\/et_pb_column][\/et_pb_row][\/et_pb_section][et_pb_section fb_built=&#8221;1&#8243; background_color=&#8221;#0c71c3&#8243; _builder_version=&#8221;3.0.105&#8243; global_module=&#8221;3996&#8243;][et_pb_row _builder_version=&#8221;3.0.105&#8243;][et_pb_column type=&#8221;1_3&#8243; _builder_version=&#8221;3.0.47&#8243; parallax=&#8221;off&#8221; parallax_method=&#8221;on&#8221;][et_pb_text background_layout=&#8221;dark&#8221; _builder_version=&#8221;3.0.105&#8243; text_font=&#8221;|300|||||||&#8221; text_font_size=&#8221;13px&#8221; text_line_height=&#8221;1.6em&#8221; border_width_right=&#8221;1px&#8221; border_color_right=&#8221;#3683c1&#8243;]<\/p>\n<p>O\u015brodek Wczasowo-Kolonijny BARKA<br \/> Stefan Kwiatkowski<br \/> ul. Ba\u0142tycka 67<br \/> 76-107 Jaros\u0142awiec<\/p>\n<p>[\/et_pb_text][\/et_pb_column][et_pb_column type=&#8221;1_3&#8243; _builder_version=&#8221;3.0.47&#8243; parallax=&#8221;off&#8221; parallax_method=&#8221;on&#8221;][et_pb_text background_layout=&#8221;dark&#8221; _builder_version=&#8221;3.0.105&#8243; text_font=&#8221;|300|||||||&#8221; text_font_size=&#8221;13px&#8221; text_line_height=&#8221;1.6em&#8221; link_text_color=&#8221;#efefef&#8221; border_width_right=&#8221;1px&#8221; border_color_right=&#8221;#3683c1&#8243;]<\/p>\n<p>tel: <a href=\"tel:+48600433614\">(+48) 600 433 614<\/a><br \/> email: <a href=\"mailto:owr.barka.jaroslawiec@gmail.com\">owr.barka.jaroslawiec@gmail.com<\/a><br \/> <a href=\"http:\/\/www.barka-jaroslawiec.pl\">www.barka-jaroslawiec.pl<\/a><\/p>\n<p>[\/et_pb_text][\/et_pb_column][et_pb_column type=&#8221;1_3&#8243; _builder_version=&#8221;3.0.47&#8243; parallax=&#8221;off&#8221; parallax_method=&#8221;on&#8221;][et_pb_social_media_follow url_new_window=&#8221;off&#8221; _builder_version=&#8221;3.0.105&#8243;][et_pb_social_media_follow_network social_network=&#8221;facebook&#8221; url=&#8221;https:\/\/www.facebook.com\/BARKA-Jaros\u0142awiec-O\u015brodek-Wczasowo-Kolonijny-558438481190042&#8243; _builder_version=&#8221;3.0.105&#8243; background_color=&#8221;#3b5998&#8243; follow_button=&#8221;off&#8221; url_new_window=&#8221;off&#8221;] Facebook [\/et_pb_social_media_follow_network][\/et_pb_social_media_follow][\/et_pb_column][\/et_pb_row][\/et_pb_section]<\/p>\n","protected":false},"excerpt":{"rendered":"<p>Galeria naszego o\u015brodka \u00a0 O\u015brodek Wczasowo-Kolonijny BARKA Stefan Kwiatkowski ul. Ba\u0142tycka 67 76-107 Jaros\u0142awiectel: (+48) 600 433 614 email: owr.barka.jaroslawiec@gmail.com www.barka-jaroslawiec.pl<\/p>\n","protected":false},"author":1,"featured_media":0,"parent":0,"menu_order":0,"comment_status":"closed","ping_status":"closed","template":"","meta":{"_et_pb_use_builder":"on","_et_pb_old_content":"","_et_gb_content_width":"","footnotes":""},"class_list":["post-3458","page","type-page","status-publish","hentry"],"_links":{"self":[{"href":"https:\/\/lososiowa3.pl\/index.php\/wp-json\/wp\/v2\/pages\/3458","targetHints":{"allow":["GET"]}}],"collection":[{"href":"https:\/\/lososiowa3.pl\/index.php\/wp-json\/wp\/v2\/pages"}],"about":[{"href":"https:\/\/lososiowa3.pl\/index.php\/wp-json\/wp\/v2\/types\/page"}],"author":[{"embeddable":true,"href":"https:\/\/lososiowa3.pl\/index.php\/wp-json\/wp\/v2\/users\/1"}],"replies":[{"embeddable":true,"href":"https:\/\/lososiowa3.pl\/index.php\/wp-json\/wp\/v2\/comments?post=3458"}],"version-history":[{"count":21,"href":"https:\/\/lososiowa3.pl\/index.php\/wp-json\/wp\/v2\/pages\/3458\/revisions"}],"predecessor-version":[{"id":4072,"href":"https:\/\/lososiowa3.pl\/index.php\/wp-json\/wp\/v2\/pages\/3458\/revisions\/4072"}],"wp:attachment":[{"href":"https:\/\/lososiowa3.pl\/index.php\/wp-json\/wp\/v2\/media?parent=3458"}],"curies":[{"name":"wp","href":"https:\/\/api.w.org\/{rel}","templated":true}]}}